of 9448234?
2, 4724117
List the prime factors of 1337211.
3, 148579
What are the prime factors of 208490?
2, 5, 20849
What are the prime factors of 594306?
2, 3, 137, 241
What are the prime factors of 3340651?
859, 3889
List the prime factors of 184227.
3, 61409
List the prime factors of 1595441.
23, 71, 977
What are the prime factors of 1192460?
2, 5, 109, 547
What are the prime factors of 1588858?
2, 631, 1259
List the prime factors of 477126.
2, 3, 13, 2039
What are the prime factors of 3265200?
2, 3, 5, 907
List the prime factors of 19092295.
5, 29, 131671
What are the prime factors of 2228623?
331, 6733
What are the prime factors of 1302827?
1302827
What are the prime factors of 2521677?
3, 563, 1493
What are the prime factors of 1451401?
7, 207343
What are the prime factors of 74230?
2, 5, 13, 571
What are the prime factors of 2925307?
7, 11, 37991
List the prime factors of 476298.
2, 3, 47, 563
What are the prime factors of 10734571?
317, 33863
List the prime factors of 25148319.
3, 7, 171077
What are the prime factors of 10478778?
2, 3, 1746463
List the prime factors of 49652.
2, 12413
What are the prime factors of 1181425?
5, 7, 43, 157
List the prime factors of 1850485.
5, 7, 13, 83
What are the prime factors of 210522?
2, 3, 13, 2699
List the prime factors of 281474.
2, 23, 29, 211
List the prime factors of 82813.
82813
What are the prime factors of 982853?
71, 109, 127
What are the prime factors of 1378250?
2, 5, 37, 149
List the prime factors of 1072286.
2, 461, 1163
What are the prime factors of 5105087?
13, 392699
List the prime factors of 209104.
2, 7, 1867
List the prime factors of 679117.
19, 31, 1153
List the prime factors of 173029.
23, 7523
List the prime factors of 347922.
2, 3, 17, 379
What are the prime factors of 317056?
2, 2477
List the prime factors of 733247.
47, 15601
List the prime factors of 1812975.
3, 5, 23, 1051
What are the prime factors of 19894538?
2, 1429, 6961
List the prime factors of 9104184.
2, 3, 113, 373
What are the prime factors of 1283146?
2, 19, 33767
What are the prime factors of 269934?
2, 3, 7, 6427
What are the prime factors of 720951?
3, 7, 11, 3121
What are the prime factors of 10053785?
5, 7, 287251
What are the prime factors of 14414532?
2, 3, 11, 109201
List the prime factors of 187976.
2, 23497
List the prime factors of 403515.
3, 5, 7, 61
List the prime factors of 496149.
3, 165383
What are the prime factors of 270860?
2, 5, 29, 467
What are the prime factors of 430664?
2, 13, 41, 101
List the prime factors of 28079686.
2, 14039843
What are the prime factors of 454674?
2, 3, 11, 83
What are the prime factors of 10220929?
10220929
List the prime factors of 7351811.
523, 14057
List the prime factors of 7411220.
2, 5, 370561
List the prime factors of 183240.
2, 3, 5, 509
What are the prime factors of 321877?
109, 2953
List the prime factors of 548537.
11, 47, 1061
List the prime factors of 31204.
2, 29, 269
What are the prime factors of 304876?
2, 11, 13, 41
List the prime factors of 1784134.
2, 11, 81097
List the prime factors of 1152972.
2, 3, 32027
List the prime factors of 7627006.
2, 3813503
List the prime factors of 11382300.
2, 3, 5, 12647
What are the prime factors of 8952127?
43, 208189
List the prime factors of 688326.
2, 3, 89, 1289
List the prime factors of 92952.
2, 3, 1291
List the prime factors of 681135.
3, 5, 7, 13, 499
List the prime factors of 789118.
2, 11, 35869
List the prime factors of 4344274.
2, 11, 19, 547
List the prime factors of 275432.
2, 34429
What are the prime factors of 509025?
3, 5, 11, 617
What are the prime factors of 31552897?
37, 71, 12011
What are the prime factors of 850632?
2, 3, 23, 67
What are the prime factors of 235389?
3, 7, 11, 1019
What are the prime factors of 3631155?
3, 5, 11, 59, 373
List the prime factors of 24978300.
2, 3, 5, 139, 599
List the prime factors of 25572235.
5, 13, 53, 571
What are the prime factors of 5871496?
2, 733937
What are the prime factors of 1366855?
5, 7, 797
What are the prime factors of 80801?
7, 17, 97
What are the prime factors of 160182?
2, 3, 11, 809
What are the prime factors of 179040?
2, 3, 5, 373
List the prime factors of 8612517.
3, 2870839
What are the prime factors of 1131195?
3, 5, 13, 5801
List the prime factors of 32054401.
17, 1885553
List the prime factors of 125411.
11, 13, 877
List the prime factors of 1983399.
3, 11, 60103
List the prime factors of 200858.
2, 7, 14347
What are the prime factors of 249702?
2, 3, 41617
List the prime factors of 2242368.
2, 3, 17, 229
List the prime factors of 494818.
2, 247409
List the prime factors of 456632.
2, 11, 5189
What are the prime factors of 377150?
2, 5, 19, 397
List the prime factors of 32655.
3, 5, 7, 311
What are the prime factors of 1152913?
1152913
List the prime factors of 57879.
3, 59, 109
What are the prime factors of 36615889?
36615889
List the prime factors of 8107904.
2, 7, 9049
List the prime factors of 3194047.
3194047
List the prime factors of 2010454.
2, 17, 29, 2039
List the prime factors of 3471637.
13, 267049
What are the prime factors of 1113402?
2, 3, 185567
List the prime factors of 1880324.
2, 470081
List the prime factors of 818012.
2, 13, 15731
What are the prime factors of 381526?
2, 190763
List the prime factors of 32816.
2, 7, 293
What are the prime factors of 440382?
2, 3, 19, 3863
List the prime factors of 788541.
3, 13, 20219
What are the prime factors of 148891?
148891
What are the prime factors of 749277?
3, 27751
What are the prime factors of 155175?
3, 5, 2069
List the prime factors of 1112056.
2, 11, 12637
List the prime factors of 537380.
2, 5, 97, 277
What are the prime factors of 67334?
2, 131, 257
What are the prime factors of 3224828?
2, 43, 18749
List the prime factors of 186600.
2, 3, 5, 311
What are the prime factors of 107285?
5, 43, 499
List the prime factors of 718299.
3, 79811
List the prime factors of 537474.
2, 3, 7, 67, 191
What are the prime factors of 5674987?
5674987
List the prime factors of 225786.
2, 3, 11, 311
List the prime factors of 8809492.
2, 47, 997
What are the prime factors of 27828731?
7, 31, 257, 499
List the prime factors of 185640.
2, 3, 5, 7, 13, 17
What are the prime factors of 2715913?
2715913
List the prime factors of 956887.
151, 6337
List the prime factors of 1320174.
2, 3, 71, 1033
List the prime factors of 4566393.
3, 13, 31, 1259
List the prime factors of 2082792.
2, 3, 86783
What are the prime factors of 7328641?
97, 75553
What are the prime factors of 204744?
2, 3, 19, 449
List the prime factors of 3785377.
541, 6997
What are the prime factors of 6151581?
3, 643, 1063
List the prime factors of 79349.
79349
List the prime factors of 406567.
7, 241
List the prime factors of 201413.
201413
What are the prime factors of 901338?
2, 3, 150223
What are the prime factors of 116935?
5, 7, 13, 257
What are the prime factors of 739754?
2, 369877
List the prime factors of 6101986.
2, 11, 277363
What are the prime factors of 1635171?
3, 545057
What are the prime factors of 114117?
3, 38039
What are the prime factors of 1383522?
2, 3, 7, 32941
What are the prime factors of 4021413?
3, 11, 31, 3931
List the prime factors of 4812663.
3, 613, 2617
List the prime factors of 924227.
113, 8179
List the prime factors of 530617.
37, 14341
What are the prime factors of 128285?
5, 25657
List the prime factors of 73534.
2, 36767
List the prime factors of 130337.
130337
List the prime factors of 509395.
5, 101879
What are the prime factors of 4195806?
2, 3, 569, 1229
What are the prime factors of 4846575?
3, 5, 64621
List the prime factors of 903734.
2, 13, 34759
List the prime factors of 402960.
2, 3, 5, 23, 73
What are the prime factors of 653325?
3, 5, 31, 281
What are the prime factors of 1083640?
2, 5, 27091
What are the prime factors of 69062?
2, 7, 4933
List the prime factors of 2904736.
2, 43, 2111
What are the prime factors of 369389?
521, 709
List the prime factors of 430230.
2, 3, 5, 14341
What are the prime factors of 473518?
2, 17, 19, 733
What are the prime factors of 2672989?
11, 242999
List the prime factors of 2280605.
5, 439, 1039
What are the prime factors of 203283?
3, 7529
What are the prime factors of 493551?
3, 29, 31, 61
What are the prime factors of 9356907?
3, 7, 445